e a - 49 = w, 0 = -f*a - 5*w + 3*w + 127. List the prime factors of a.
3, 5
Let o(i) = -i**2 + i + 22. Let c be o(-5). Let l(g) = g**3 + 9*g**2 + 7*g - 10. Let t be l(c). What are the prime factors of (-10 + 5/(-5))/(t/26)?
11, 13
Let f(p) = 4*p + 104. Let b be f(-26). List the prime factors of -5 + b*(-4 - -5) - -68.
3, 7
Suppose -365*u - 4 = -363*u. Let i(m) = -29*m**2 + m + 3. Let k(j) = -145*j**2 + 6*j + 15. Let q(s) = -11*i(s) + 2*k(s). What are the prime factors of q(u)?
3, 37
What are the prime factors of 214*(5/(-4))/((-190)/912)?
2, 3, 107
Let h = -43088 + 66398. List the prime factors of h.
2, 3, 5, 7, 37
Let n be (6 - 3)/(0 - -1). Suppose -n*s + 31 = 178. Let b = s + 83. What are the prime factors of b?
2, 17
Suppose 44*y - 49*y + 31291 = n, -125311 = -4*n + y. What are the prime factors of n?
2, 3, 23, 227
Suppose -3*f + 29 = -874. Let s = f - 55. List the prime factors of s.
2, 3, 41
Suppose -h - 2*v = 2*h - 20389, 2*v = 5*h - 34003. Suppose -20*w + 3721 + h = 0. List the prime factors of w.
2, 263
Let v = -12364 - -20706. What are the prime factors of v?
2, 43, 97
Suppose 0 = 36*k - 39*k + 45. Let p = k - 241. Let r = -125 - p. List the prime factors of r.
101
Suppose 3*c + 16 = 5*c. Suppose -c - 4 = -4*d. Suppose -d*k + 112 = k. What are the prime factors of k?
2, 7
Suppose -258927 = -54*n + 108381. List the prime factors of n.
2, 19, 179
List the prime factors of ((-21630150)/(-650) + (-6)/39)/1.
107, 311
Let b(g) = g**3 - 19*g**2 + 33*g + 19. Let r be b(17). Suppose 15*n - 1858 = 14*n - j, 4*n - r*j = 7438. What are the prime factors of n?
11, 13
Let i = -32925 + 61494. What are the prime factors of i?
3, 89, 107
Suppose 1430 = -5*y + 5*w, -4*w - w = 5*y + 1460. Let p = 541 - 661. Let z = p - y. What are the prime factors of z?
13
Let g(f) = -f**3 - 6*f**2 + 3. Let i be g(-6). Suppose 0 = -i*a + n - 0*n - 158, -2*n + 163 = -3*a. Let b = 5 - a. What are the prime factors of b?
2, 7
List the prime factors of ((-5)/((-60)/(-84)) - -19951)*1.
2, 3, 277
Let i = 3 - 9. Let u(f) = 10 - 3*f**2 - 9*f + 3*f**2 + 0*f**2 + f**2. What are the prime factors of u(i)?
2, 5
Let b = 4324 + -3620. List the prime factors of b.
2, 11
Suppose -220 = -4*u - 208. Suppose c = 2*x - 1113, 2*c + 552 = x + u*c. List the prime factors of x.
3, 5, 37
Suppose 15 - 39 = -6*g. Suppose g*s - 4272 = -328. List the prime factors of s.
2, 17, 29
Suppose -b + 40*o - 37*o + 27232 = 0, -o + 136208 = 5*b. What are the prime factors of b?
27241
Let f(d) = 14346*d - 333. What are the prime factors of f(1)?
3, 173
What are the prime factors of 1556956/74 - (434/(-1147))/7?
2, 5, 263
Let z(r) = 39020*r**3 + 5*r**2 + 163*r - 166. List the prime factors of z(1).
2, 109, 179
Suppose -4047 = -13*v - 6*v. Let w = v - -61. List the prime factors of w.
2, 137
Let k(m) = -5277*m - 105. What are the prime factors of k(-3)?
2, 3, 2621
Suppose -51807 = -12*w + 11*w - l, -2*w + 3*l = -103654. List the prime factors of w.
5, 43, 241
Suppose -3*x + 1150 = q, x + 31 = 2*q + 419. Let o = 89 + x. List the prime factors of o.
11, 43
Let c = 5869 - 3877. List the prime factors of c.
2, 3, 83
Let z = -775 + 784. What are the prime factors of 25*(z - (-224)/35)?
5, 7, 11
Suppose -115 + 778 = 13*r. Suppose -861 = -8*t + r. What are the prime factors of t?
2, 3, 19
Let l(q) = -1962*q**3 + 2*q**2 - 17*q - 31. List the prime factors of l(-2).
113, 139
Let p(f) = -3*f**2 + 21*f + 8. Let z be (-10)/(-45) - (-4)/(-18)*-26. List the prime factors of p(z).
2, 13
Let y be (4 + 21/14)*-88. Let g = y + 762. What are the prime factors of g?
2, 139
Suppose 0 = 31*a + 36*a - 3*a - 782016. What are the prime factors of a?
3, 4073
Let m be 6*((-8)/28)/((-4)/(-7)). List the prime factors of (-6)/((-3)/m - -4)*-270.
2, 3
Let l(m) = 5*m**2 + 7*m + 7. Let b be l(-1). Suppose -b*j + 2320 = 5*c, -c - j = 3*c - 1850. List the prime factors of c.
2, 3, 7, 11
Let f(u) be the first derivative of 9*u**2 - 9*u - 20. Let t be f(-12). Let j = -106 - t. List the prime factors of j.
7, 17
Let m be (-53 + 53)*2/(-6). Suppose m = -3*b + 3*r + 639, 0 = 3*b - 8*b - r + 1035. What are the prime factors of b?
2, 13
Let p = 7321 + -2646. List the prime factors of p.
5, 11, 17
Let w = -8657 - -38166. List the prime factors of w.
23, 1283
Suppose b = -2*t + 16759, -4*b + 3*t = -20366 - 46692. List the prime factors of b.
16763
Let a be (44 - -4)/6 - 11. What are the prime factors of 3653/26*2/(-3)*a?
281
What are the prime factors of 3 - ((-395)/(-158) + (-219711)/6)?
11, 3329
Let j(m) = m**3 + 18*m**2 + 3. Let y be j(-18). Suppose y*o + 6*n = 3*n + 837, 2*n + 1367 = 5*o. What are the prime factors of o?
5, 11
Suppose -120*s = -193*s + 508518. List the prime factors of s.
2, 3, 43
Suppose -3 = -2*f - c + 1, 20 = 2*f - 3*c. Suppose f*n - 782 = -t + 263, -1057 = -t - n. List the prime factors of t.
1061
Suppose 28*h = 21*h + 70. Suppose -n = 4*b - 360, -h*b = -2*n - 12*b + 714. List the prime factors of n.
2, 89
Suppose -291*i + 2694548 = -5838479 + 1634581. What are the prime factors of i?
2, 3, 439
Let p(q) = -4*q - 2*q**2 + q**2 + 24*q + 3*q**2. Let m be p(-10). Suppose 14 = -2*f - 5*z, 2*f - 2*z = -m*f + 14. What are the prime factors of f?
3
Let a(h) = 107*h**3 - h**2 + 12*h - 4. What are the prime factors of a(5)?
2, 6703
Suppose -4*n - 28697 = -5*u, 218*u - 3*n + 17229 = 221*u. List the prime factors of u.
5741
Suppose 0 = 7*b + 320 - 33. Let r = 41 + b. Suppose -163 = -j - 5*i, r = 2*j + 4*i - 3 - 299. What are the prime factors of j?
11, 13
Suppose 5*y - 2*w = 153809, 3*w = -1 - 5. List the prime factors of y.
19, 1619
Let d = 1749 + 7118. List the prime factors of d.
8867
Let v = 685 + -83. Let a = 973 - v. What are the prime factors of a?
7, 53
Suppose 5*k + 6745 = 3*y, 11*k - 6743 = -3*y + 15*k. What are the prime factors of y?
5, 449
Suppose 2*x = -x - 24. Let p = 16 + x. Suppose -p*o = -5*o - 135. What are the prime factors of o?
3, 5
Let y(u) = u**2 + 13*u + 27. Let a be y(-11). Let c(o) = -97*o**2 - 5*o + 41. Let g be c(a). List the prime factors of g/(-18) - 2/(-12).
2, 67
Suppose 5*r = -5*n, 0*n - 2 = -r - 3*n. Let l be 20/(-100) + 1552/10. Let f = l + r. What are the prime factors of f?
2, 7, 11
Let d = 143 - 138. Let o(s) = s**3 + 5*s**2 + s + 2. Let r be o(-3). Let n = r + d. What are the prime factors of n?
2, 11
Suppose 77 = -4*j - 63. What are the prime factors of (-14)/j*-5*-34?
2, 17
Suppose 5*u - 3*a + 42943 + 17748 = 0, u + 12152 = -4*a. Let q be u/(-7) - (-2 - 80/(-35)). List the prime factors of (0 - -2) + 4/(24/q).
3, 97
Let n = -26807 - -44581. What are the prime factors of n?
2, 8887
Let u(p) = -12944*p - 7817. What are the prime factors of u(-4)?
3, 14653
Suppose 28*h - 210450 = -h + 35818. What are the prime factors of h?
2, 11, 193
List the prime factors of 8 + ((-13358)/16)/(9/(-72)).
3, 743
Let c(i) = 50*i**2 + i - 9. Suppose -7*s = -10 - 11. What are the prime factors of c(s)?
2, 3, 37
Let j(l) = -3*l**2 + 9*l - 15. Let p(m) = 4*m**2 - 14*m + 22. Let a(t) = -7*j(t) - 5*p(t). Let i be a(-8). What are the prime factors of (i - 25)*(-66)/12?
11
Let u be 7/21 + (-2715)/(-9). Let g = u - -229. List the prime factors of g.
3, 59
Suppose -6051*c + 6016*c = -2443350. What are the prime factors of c?
2, 3, 5, 13, 179
Suppose -19*h = -7*h + 2580. Let f = h - -258. What are the prime factors of f?
43
Let p(h) = 10*h + 25. Let v be (-6 - (-3)/(-3))*(-1)/1. Let x be p(v). Suppose -x = -5*o - 2*s + 4*s, 4*o - 76 = 4*s. List the prime factors of o.
19
Let j(w) = -w - 14. Let z be j(-17). Let y(b) = 5*b**2 - 8 + z*b - 3 - 4*b**2 - 12. What are the prime factors of y(9)?
5, 17
Let f(s) = -s**2 + 6*s - 2. Let a be f(5). Suppose 0 = 9*d + a*d + 36. What are the prime factors of 3 + (d + -2)/((-2)/54)?
2, 3, 23
Let n(s) = 6*s**3 - 8*s**2 - 15*s + 22. Let t be n(10). What are the prime factors of t/10 + 172/215?
2, 127
Let n(j) = 59*j**2 - 5*j - 162. List the prime factors of n(12).
2, 3, 7, 197
Suppose 13*m - 3*m - 170 = 0. Suppose 2835 = 22*i - m*i. List the prime factors of i.
3, 7
Suppose -k + 23 = -4*n, -4*n + 4 = 4*k + 32. Let l(m) = -10*m**2 - 43*m + 16*m**2 + 50*m + 8. List the prime factors of l(n).
2, 7, 13
Let n = 28 + -34. What are the prime factors of 165 + -6*4/n?
13
Let p(i) = i + 26. Let m(x) = -